t is the units digit of 3246586?
6
What is the ten thousands digit of 8024024?
2
What is the thousands digit of 339182?
9
What is the units digit of 13539853?
3
What is the units digit of 9680696?
6
What is the units digit of 542402?
2
What is the thousands digit of 25627395?
7
What is the tens digit of 935376?
7
What is the tens digit of 8419873?
7
What is the ten thousands digit of 46127?
4
What is the tens digit of 16943946?
4
What is the thousands digit of 1100320?
0
What is the units digit of 4807180?
0
What is the millions digit of 18329086?
8
What is the millions digit of 11539900?
1
What is the tens digit of 275943?
4
What is the hundred thousands digit of 257501?
2
What is the tens digit of 17703743?
4
What is the ten thousands digit of 3495813?
9
What is the hundred thousands digit of 1150605?
1
What is the hundreds digit of 12011611?
6
What is the units digit of 2876119?
9
What is the ten thousands digit of 18971847?
7
What is the hundreds digit of 583967?
9
What is the ten thousands digit of 3454981?
5
What is the tens digit of 255822?
2
What is the ten thousands digit of 923309?
2
What is the thousands digit of 1142048?
2
What is the hundred thousands digit of 297752?
2
What is the thousands digit of 1632582?
2
What is the thousands digit of 23003725?
3
What is the tens digit of 4298136?
3
What is the units digit of 410273?
3
What is the thousands digit of 5469462?
9
What is the thousands digit of 72628?
2
What is the millions digit of 9811916?
9
What is the ten thousands digit of 607828?
0
What is the units digit of 36167085?
5
What is the hundred thousands digit of 320249?
3
What is the tens digit of 4799257?
5
What is the ten millions digit of 16333376?
1
What is the hundred thousands digit of 601643?
6
What is the hundred thousands digit of 1282046?
2
What is the hundreds digit of 403152?
1
What is the thousands digit of 115130?
5
What is the tens digit of 1254396?
9
What is the thousands digit of 215801?
5
What is the hundred thousands digit of 267507?
2
What is the thousands digit of 382177?
2
What is the tens digit of 4882223?
2
What is the thousands digit of 239218?
9
What is the ten thousands digit of 1866599?
6
What is the thousands digit of 32604?
2
What is the units digit of 18662622?
2
What is the units digit of 112728?
8
What is the tens digit of 119880?
8
What is the hundreds digit of 10171319?
3
What is the tens digit of 5746223?
2
What is the hundreds digit of 226165?
1
What is the hundreds digit of 219790?
7
What is the thousands digit of 174511?
4
What is the thousands digit of 188491?
8
What is the ten thousands digit of 2784769?
8
What is the millions digit of 1270046?
1
What is the tens digit of 99213?
1
What is the thousands digit of 9323739?
3
What is the tens digit of 120664?
6
What is the millions digit of 1358684?
1
What is the ten thousands digit of 896650?
9
What is the units digit of 645526?
6
What is the tens digit of 23994171?
7
What is the hundreds digit of 27031374?
3
What is the units digit of 1723105?
5
What is the hundreds digit of 29457?
4
What is the thousands digit of 844915?
4
What is the millions digit of 20722015?
0
What is the ten thousands digit of 3096634?
9
What is the hundred thousands digit of 3029325?
0
What is the ten millions digit of 10066312?
1
What is the ten thousands digit of 198392?
9
What is the ten thousands digit of 217653?
1
What is the units digit of 137424?
4
What is the thousands digit of 6891685?
1
What is the hundred thousands digit of 1975678?
9
What is the hundreds digit of 273081?
0
What is the thousands digit of 239960?
9
What is the hundreds digit of 903906?
9
What is the hundred thousands digit of 219519?
2
What is the hundreds digit of 4339826?
8
What is the hundreds digit of 1325918?
9
What is the units digit of 535910?
0
What is the hundred thousands digit of 376358?
3
What is the units digit of 1783465?
5
What is the hundred thousands digit of 223208?
2
What is the units digit of 153909?
9
What is the units digit of 4226267?
7
What is the thousands digit of 6230051?
0
What is the tens digit of 8094068?
6
What is the tens digit of 12578996?
9
What is the hundreds digit of 1551891?
8
What is the thousands digit of 987811?
7
What is the tens digit of 9050295?
9
What is the units digit of 1031604?
4
What is the ten millions digit of 12546803?
1
What is the thousands digit of 199932?
9
What is the hundred thousands digit of 3654878?
6
What is the ten thousands digit of 1567892?
6
What is the tens digit of 1764973?
7
What is the millions digit of 18560983?
8
What is the units digit of 3223932?
2
What is the ten thousands digit of 138486?
3
What is the units digit of 52863?
3
What is the tens digit of 3949167?
6
What is the hundreds digit of 14766556?
5
What is the thousands digit of 2071751?
1
What is the thousands digit of 1042687?
2
What is the tens digit of 122982?
8
What is the hundred thousands digit of 141227?
1
What is the hundred thousands digit of 239233?
2
What is the ten millions digit of 36515929?
3
What is the hundreds digit of 221020?
0
What is the hundred thousands digit of 2005209?
0
What is the hundred thousands digit of 6066200?
0
What is the hundred thousands digit of 627687?
6
What is the ten millions digit of 10926278?
1
What is the hundred thousands digit of 459287?
4
What is the units digit of 251533?
3
What is the hundreds digit of 2407488?
4
What is the units digit of 410829?
9
What is the ten thousands digit of 569145?
6
What is the ten thousands digit of 1990022?
9
What is the ten millions digit of 22139150?
2
What is the thousands digit of 222593?
2
What is the hundreds digit of 110775?
7
What is the hundreds digit of 31145405?
4
What is the hundred thousands digit of 818372?
8
What is the hundred thousands digit of 142267?
1
What is the ten thousands digit of 4978147?
7
What is the hundreds digit of 2279640?
6
What is the hundred thousands digit of 1328438?
3
What is the units digit of 4527852?
2
What is the hundred thousands digit of 538993?
5
What is the hundreds digit of 1137449?
4
What is the hundred thousands digit of 10820269?
8
What is the millions digit of 2564642?
2
What is the hundreds digit of 981349?
3
What is the units digit of 13620651?
1
What is the tens digit of 63231?
3
What is the millions digit of 2615239?
2
What is the hundred thousands digit of 228014?
2
What is the millions digit of 1213301?
1
What is the hundred thousands digit of 1123469?
1
What is the ten thousands digit of 93056?
9
What is the units digit of 937524?
4
What is the hundreds digit of 423179?
1
What is the thousands digit of 165186?
5
What is the tens digit of 418694?
9
What is the units digit of 458177?
7
What is the hundreds digit of 5578546?
5
What is the hundred thousands digit of 21893005?
8
What is the millions digit of 10196216?
0
What is the units digit of 1182573?
3
What is the hundreds digit of 1248508?
5
What is the hundred thousands digit of 4737927?
7
What is the millions digit of 17688941?
7
What is the hundred thousands digit of 746631?
7
What is the units digit of 171062?
2
What is the ten thousands digit of 17577837?
7
What is the tens digit of 587014?
1
What is the thousands digit of 17246426?
6
What is the units digit of 596730?
0
What is the units digit of 8874241?
1
What is the ten thousands digit of 14862564?
6
What is the thousands digit of 128774?
8
What is the hundreds digit of 3135264?
2
What is the ten thousands digit of 1896901?
9
What is the tens digit of 1785915?
1
What is the ten thousands digit of 63483?
6
What is the hundred thousands digit of 7595035?
5
What is the units digit of 3013155?
5
What is the millions digit of 1973221?
1
What is the tens digit of 264751?
5
What is the ten thousands digit of 233569?
3
What is the hundred thousands digit of 2208793?
2
What is the hundreds digit of 699705?
7
What is the hundred thousands digit of 155535?
1
What is the thousands digit of 1837273?
7
What is the hundreds digit of 45822?
8
What is the ten thousands digit of 1821935?
2
What is the thousands digit of 12595611?
5
What is the units digit of 20512384?
4
What is the units digit of 12436273?
3
What is the hundreds digit of 4744678?
6
What is the ten thousands digit of 15543901?
4
What is the tens digit of 2110